{"id":2,"date":"2010-08-02T20:30:35","date_gmt":"2010-08-02T20:30:35","guid":{"rendered":"http:\/\/www.factualite.fr\/?page_id=2"},"modified":"2015-06-29T21:39:08","modified_gmt":"2015-06-29T21:39:08","slug":"a-propos","status":"publish","type":"page","link":"https:\/\/www.factualite.fr\/?page_id=2","title":{"rendered":"\u00c0 propos"},"content":{"rendered":"<p>Bonjour.<\/p>\n<p>Voil\u00e0 longtemps que j&rsquo;avais envie d&rsquo;ouvrir ce blog pour essayer de cerner les faits derri\u00e8re l&rsquo;actualit\u00e9 (d&rsquo;o\u00f9 le nom de FACTUALITE.FR !).<\/p>\n<p>Je souhaiterais que ce blog soit un lieu d&rsquo;\u00e9change :<\/p>\n<ul>\n<li>Qu&rsquo;il ne soit pas encombr\u00e9 des mille et une limitations impos\u00e9es par la \u00ab\u00a0pens\u00e9e unique\u00a0\u00bb que nous distillent les m\u00e9dias.<\/li>\n<li>Qu&rsquo;il soit un lieu privil\u00e9gi\u00e9 o\u00f9 chacun peut s&rsquo;exprimer et tenter de comprendre.<\/li>\n<\/ul>\n<p>Je vous propose les r\u00e8gles suivantes :<\/p>\n<ul>\n<li>Essayons de dialoguer de fa\u00e7on raisonnable en nous \u00e9coutant mutuellement,<\/li>\n<li>Pas de violence verbale, pas d&rsquo;insulte, pas de raisonnement court,<\/li>\n<li>Pas de discours id\u00e9ologiques, v\u00e9ritables offenses \u00e0 l&rsquo;intelligence.<\/li>\n<\/ul>\n<p>En tant que mod\u00e9rateur, je supprimerai impitoyablement les articles tendancieux, insultants, vulgaires ainsi que les th\u00e8ses format\u00e9es, qu&rsquo;elles soient de gauche de droite, du haut ou du bas.<\/p>\n<p>Bonne lecture.<\/p>\n<p>NB: Comme la loi m&rsquo;y oblige, j&rsquo;ai le plaisir de vous indiquer que mon h\u00e9bergeur est OVH, 2 rue Kellermann &#8211; 59100 Roubaix &#8211; France.<\/p>\n","protected":false},"excerpt":{"rendered":"<p>Bonjour. Voil\u00e0 longtemps que j&rsquo;avais envie d&rsquo;ouvrir ce blog pour essayer de cerner les faits derri\u00e8re l&rsquo;actualit\u00e9 (d&rsquo;o\u00f9 le nom de FACTUALITE.FR !). Je souhaiterais que ce blog soit un lieu d&rsquo;\u00e9change : Qu&rsquo;il ne soit pas encombr\u00e9 des mille et une limitations impos\u00e9es par la \u00ab\u00a0pens\u00e9e unique\u00a0\u00bb que nous distillent les m\u00e9dias. Qu&rsquo;il soit [&hellip;]<\/p>\n","protected":false},"author":1,"featured_media":0,"parent":0,"menu_order":0,"comment_status":"closed","ping_status":"closed","template":"page_fullwidth.php","meta":[],"_links":{"self":[{"href":"https:\/\/www.factualite.fr\/index.php?rest_route=\/wp\/v2\/pages\/2"}],"collection":[{"href":"https:\/\/www.factualite.fr\/index.php?rest_route=\/wp\/v2\/pages"}],"about":[{"href":"https:\/\/www.factualite.fr\/index.php?rest_route=\/wp\/v2\/types\/page"}],"author":[{"embeddable":true,"href":"https:\/\/www.factualite.fr\/index.php?rest_route=\/wp\/v2\/users\/1"}],"replies":[{"embeddable":true,"href":"https:\/\/www.factualite.fr\/index.php?rest_route=%2Fwp%2Fv2%2Fcomments&post=2"}],"version-history":[{"count":6,"href":"https:\/\/www.factualite.fr\/index.php?rest_route=\/wp\/v2\/pages\/2\/revisions"}],"predecessor-version":[{"id":1518,"href":"https:\/\/www.factualite.fr\/index.php?rest_route=\/wp\/v2\/pages\/2\/revisions\/1518"}],"wp:attachment":[{"href":"https:\/\/www.factualite.fr\/index.php?rest_route=%2Fwp%2Fv2%2Fmedia&parent=2"}],"curies":[{"name":"wp","href":"https:\/\/api.w.org\/{rel}","templated":true}]}}